e units digit of z(3)?
2
Suppose 9*o - 2841 = 4*o - 2*g, 4*o + 2*g = 2274. What is the units digit of o?
7
Let p = 1956 + -236. What is the hundreds digit of p?
7
Suppose q = -r + 6, -2*q + 12 = 5*r - 12. Suppose -3*a = 2*a - 420. Suppose 0 = -r*c - 4*m + a, 1 = -m + 2. What is the units digit of c?
0
Let s be ((-44)/6)/((-1)/3). Suppose 2*u - 8 = 24. Let k = u + s. What is the units digit of k?
8
Let o be 85/20 + (-1)/4. Let u(n) = 6*n - 10. Let i be u(o). Suppose -5*r + 1 + i = -5*t, -5*t + 10 = 0. What is the units digit of r?
5
Let s(w) = 625*w**3 - 2*w**2 + w. Let n be s(1). Suppose g + 370 = 3*h - 4*g, -5*h + n = -g. Suppose -h = -5*c + 95. What is the tens digit of c?
4
Suppose 0 = 37*t - 131562 + 6169. What is the units digit of t?
9
Suppose 2*s = -0*s + 6. Let z be s/(6/(-9) + 1). Let w = z - 6. What is the units digit of w?
3
Let j(c) = -c**3 + 33*c**2 + 19*c - 178. What is the thousands digit of j(26)?
5
Let o be 1 + -2 + -3 + 8. Suppose o*l = -3*b + 197, 0*b - 4*b = l - 241. What is the units digit of b?
9
Let w(o) = 26*o**2 + 4*o + 3. Suppose 0 = 7*v - 5*v + 2. What is the units digit of w(v)?
5
What is the units digit of (54/14)/((-3)/(-63))?
1
Let n be 440/(-12)*(-12)/8. Suppose 0 = -5*h - 2*z + 281, 0*h + h + z = n. What is the units digit of h?
7
Let i = 307 - -273. What is the tens digit of i?
8
Suppose v - 2 = -2*o, 0 = -o + 4*v - 5*v - 1. Suppose 0 = 3*t + o*c - 606, -2*c - 194 = -t - c. What is the tens digit of t?
9
Let r(v) = 79*v**2 - 4*v + 9. What is the units digit of r(2)?
7
Suppose 0 = 3*u - 115 + 133. What is the units digit of 76 + 2 + u + 0?
2
Suppose -2*g + 4 = -3*g. Suppose -3*d = -5*d + 40. Let b = d + g. What is the units digit of b?
6
Let i(c) = 22*c - 1. Let t be i(-3). Let f = -4 - t. Suppose 3*l + 21 - f = 0. What is the units digit of l?
4
Let x = -1673 + 1946. What is the units digit of x?
3
Let p(t) = -t**3 - 38*t**2 + 19*t - 79. What is the units digit of p(-40)?
1
Let i be ((-8)/(-12) - 1)*3. Let o(u) = -45*u - 1. What is the tens digit of o(i)?
4
Suppose 5*v + 7*t - 50 = 2*t, 2*v + 4*t = 26. Suppose 0 = -4*d - 20, -v*d + 3*d = i - 21. What is the tens digit of i?
4
Suppose 3*t - 4220 = 5*l + t, -4*t - 4190 = 5*l. What is the units digit of 2 - (-13)/(-6) - l/12?
0
Let t(n) = 2*n + 31. Let d be t(-14). Suppose 1 = 2*s - d, 5*p - 143 = -4*s. What is the tens digit of p?
2
Let s(w) be the second derivative of -w**4/12 + 3*w**3/2 - 5*w**2 + 7*w. Let h be s(8). What is the units digit of ((-42)/5)/(h/5)?
1
Let d(u) = -u**3 - 10*u**2 - 2*u + 11. Suppose -5 = -y - 1. Suppose 5*c - 3*f + 78 = 13, 10 = -3*c - y*f. What is the tens digit of d(c)?
3
Let m(l) = l**3 - 10*l**2 + 10*l - 6. Let q be m(11). Suppose -19*z + q = -14*z. Suppose -5*s + 130 - z = 0. What is the units digit of s?
7
Let d = 268 + -272. Let j(f) = -4*f**2 + 5*f - 1. Let y(s) = -2*s**2 + 3*s. Let n(z) = -4*j(z) + 7*y(z). What is the tens digit of n(d)?
3
Let v be 0/((1 - 4) + 5). Suppose b + 357 = 4*h, -5*b + 0*b - 5 = v. What is the tens digit of h?
8
Suppose 3*s - 3 = -s + 3*y, s - 2 = 2*y. Suppose 2*v = -s*v + 10, -5*q = -3*v - 275. Suppose 0*b - 2*b = -q. What is the units digit of b?
9
Suppose 3*s - 4*s + 3*s = 0. Suppose 64*x - 59*x - 310 = s. What is the units digit of x?
2
Let j(w) = 3*w**2 + 3*w + 8. Suppose -2*y = -3*y + 6. What is the units digit of j(y)?
4
Let t = -5 - -13. Let i = t - 11. Let u = i - -21. What is the units digit of u?
8
Let o(w) be the second derivative of 1/12*w**4 + 0 + 11*w - 7/6*w**3 - 5/2*w**2. What is the tens digit of o(-5)?
5
Let h = -10 - -25. Let t(x) = -x**3 + 15*x**2 + 3*x + 10. Let l(g) = -1. Let r(z) = -2*l(z) + t(z). What is the tens digit of r(h)?
5
Let g be (-3 + (1 - -3))*4. Suppose -g = -12*p + 11*p. What is the units digit of ((-23)/(-4) + 2)*p?
1
Let i(b) = 5*b**2 + 2*b + 1. Let p be i(-1). Suppose 4 = p*a, -4*r - 4*a + a + 323 = 0. Suppose r = 3*o + 8. What is the units digit of o?
4
Suppose c - 60 = -23. Suppose 4*a + c = 221. Suppose 3*r - 67 = i, -35 = -4*r + 3*i + a. What is the tens digit of r?
2
What is the hundreds digit of ((-488)/5)/(-10 + (-245)/(-25))?
4
Suppose 30 = 3*f - 4*u - 430, f + 5*u - 147 = 0. What is the units digit of f?
2
Let r = -8 + 10. Suppose 0 = 4*f - 57 - 39. Suppose -4*a = -r*a - f. What is the units digit of a?
2
Let o(z) = z. Let j = -3 + 9. Suppose 13 = 4*x + 5*t, 0 = -2*x + j*t - 2*t. What is the units digit of o(x)?
2
What is the hundreds digit of (-308 - (-3 + 2))*(-8)/8?
3
Let k = -17 + 32. Let t be 0/(k/5) - -4. Suppose f = t*f - 135. What is the tens digit of f?
4
Let i(k) = -8*k**3 - 3*k**2 + k + 2. Let l be i(-2). Suppose 2*r + 3*f = -62, 4*r - 2*f - l + 192 = 0. What is the units digit of (-3)/(3/r) + -1?
3
Let d = -3050 + 4322. What is the hundreds digit of d?
2
Let i(l) = -13*l - 2. Let o be i(-1). Let g = 41 - o. Let a = g + -5. What is the units digit of a?
5
Let y = 65 + 432. What is the units digit of y?
7
Let k(a) = -2*a + 10. Let o be k(9). What is the units digit of (-2)/o - (-358)/8?
5
Let y = 105 + -98. What is the hundreds digit of 2*y/14 + 0 + 190?
1
Let v(z) = 24*z**2 - z - 1. Let i be v(2). Let m = i - -69. What is the tens digit of m?
6
Suppose -3*a + 3*b + 24 = 0, a - 3*b + 18 = 4*a. Suppose 0 = a*h + 104 - 314. What is the tens digit of h?
3
Suppose -4*b - m + 76 + 67 = 0, 0 = 3*b - 3*m - 96. Let u be 4/(-10) - b/(-25). What is the tens digit of (u*14)/((-5)/(-25))?
7
Suppose 4*q - 6584 = -1268. What is the hundreds digit of q?
3
Let z(w) = w**2 - 3*w - 1. Let k be z(4). Suppose 3*d + k*d + 738 = 0. Let x = d - -189. What is the units digit of x?
6
Let z(l) = -l**2 + 9*l + 14. Let n be z(6). Let t be 29/2*(-8)/(-4). Let j = t + n. What is the tens digit of j?
6
Suppose 3*x + 3*c + 180 = 0, -28 - 32 = x - 2*c. What is the units digit of 149/5 + x/75?
9
Let v = -6 + 1. Let o = 6 - v. Suppose -o - 33 = -4*a. What is the tens digit of a?
1
Let h(i) = 246*i - 2. Let f be h(1). Suppose -2*k - f = -4*u, -2*u - 3*k + k + 134 = 0. What is the tens digit of u?
6
Suppose 4*m - 5 = h - 1041, -1026 = -h - m. What is the thousands digit of h?
1
Suppose u + 47 = -0*u. Let g = u + 21. Let v = 81 + g. What is the tens digit of v?
5
Let w(l) = 5*l + 1. Let f be w(-1). Let h be 38/10 + 2/10. What is the tens digit of ((-16)/h)/f - -38?
3
What is the units digit of (-12)/72 + 56465/30?
2
Let b(v) = -v**3 - 9*v**2 - 12*v - 11. Let g(c) = 2*c**3 + 18*c**2 + 25*c + 23. Let l(f) = -7*b(f) - 3*g(f). What is the units digit of l(-6)?
2
Let m(k) = -k**3 - 9*k**2 - 8*k + 3. Let l be m(-8). Suppose -3*t + 92 = 4*v, -l*t - 2*v + 32 = -50. What is the tens digit of 1/(1 - t/26)?
1
Let v = -23 + 25. Suppose -v*i - 1 = -11. Suppose -7*o + 52 = -i*o. What is the units digit of o?
6
Let m(k) = -14*k**2 - 2*k + 2. Let f be m(1). Let r = f - -20. Suppose -333 = -5*p + 2*d, -r*d = 3*p - d - 175. What is the units digit of p?
5
Let v(o) = 4*o**2 - 10*o - 19. What is the tens digit of v(-10)?
8
Suppose 0 = 2*y + l - 16, 4*y + 3*l - 32 = -0*l. Suppose -8*k + y = -4*k. Let q(m) = m**3 + 4*m**2 - 3*m + 1. What is the units digit of q(k)?
9
Let p be (2/4*10)/1 + -3. Suppose 3*x = 4*m - 559, p*m + 4*x - 247 = -x. What is the hundreds digit of m?
1
Suppose -2*p = 4*g - 1374, 0 = -p - 4*g + 402 + 283. What is the units digit of p?
9
Let f = 374 - -3313. What is the tens digit of f?
8
Let r(m) = -3*m + 7. Suppose -6 = 3*c - 5*c. Suppose c*b - 6 = -27. What is the tens digit of r(b)?
2
Let s = -840 + 3221. What is the units digit of s?
1
Let v(b) be the first derivative of -b**4/6 - b**3/6 + 4*b**2 - 8*b - 4. Let g(q) be the first derivative of v(q). What is the units digit of g(0)?
8
Let n = 730 + 1894. What is the tens digit of n?
2
Suppose -10*c - 12 = -22. Let y = c - -22. What is the units digit of y?
3
Let n = 14 + -11. Let h be n - (-15 + 3)/(-1). Let y = 13 - h. What is the tens digit of y?
2
Suppose 0 = w - 2*c - 442, 3*c - 23 + 8 = 0. What is the units digit of w?
2
Suppose 88*m - 2290 = 83*m. What is the tens digit of m?
5
Suppose 47*g - 14 = 49*g. Let s be 2*(245/(-2))/g. Let a = 0 + s. What is the tens digit of a?
3
Suppose -2*l + 3 + 15 = 0. Let a be 35*(-2)/(-6)*l. Suppose -4*g - a = -9*g. What is the tens digit of g?
2
Let y(l) = 2*l**3 + 4*l**3 + 3 - 6*l + 